{"id":10571,"date":"2021-12-13T00:00:00","date_gmt":"2021-12-12T23:00:00","guid":{"rendered":"https:\/\/www.visitdolenjska.eu\/ponudba\/labete-di-crmosnjica\/"},"modified":"2021-12-13T00:00:00","modified_gmt":"2021-12-12T23:00:00","slug":"labete-di-crmosnjica","status":"publish","type":"ponudba","link":"https:\/\/www.visitdolenjska.eu\/it\/offerta\/labete-di-crmosnjica\/","title":{"rendered":"L&#8217;abete di \u010crmo\u0161njica"},"content":{"rendered":"<p>Il pino comune di \u010crmo\u0161nja \u00e8 l&#8217;abete rosso pi\u00f9 spesso (Abies alba Mill.) in Slovenia e allo stesso tempo il pi\u00f9 potente gigante arboreo del Ko\u010devski Rog.<\/p>\n<p>L&#8217;albero ha un collo di radice pronunciato, con la chioma che inizia a un&#8217;altezza di 15 m e si conclude con una forma piramidale. Nonostante la sua grande et\u00e0, \u00e8 vitale, anche se la crescita in larghezza e altezza si \u00e8 rallentata. Cresce su terreni carsici superficiali lungo il percorso della vecchia ferrovia forestale \u017dage Rog. Con la sua maestosit\u00e0, ha convinto i guardiani forestali pi\u00f9 di un secolo fa a non abbatterlo.   <\/p>\n<p>L&#8217;abete \u00e8 una componente fondamentale delle foreste di abete e faggio dinariche. La sua quota nel patrimonio legnoso \u00e8 diminuita significativamente negli ultimi 40 anni. La causa \u00e8 il calo della vitalit\u00e0 e il consumo eccessivo dei germogli giovani da parte di una popolazione troppo numerosa di cervi, che impedisce la rigenerazione delle foreste.  <\/p>\n<p><strong>Carta d&#8217;identit\u00e0:<\/strong><\/p>\n<p>Circonferenza: 6,02 m<\/p>\n<p>Altezza: 45,5 m<\/p>\n<p>Volume del tronco: 42 m3<\/p>\n<p>Diametro: 1,92 m<\/p>\n<p>Tasso di crescita del diametro: 1,5 mm\/leto<\/p>\n<p>Et\u00e0 stimata: 280 let<\/p>\n<p><a href=\"https:\/\/tic.dolenjske-toplice.si\/DownloadFile?id=74580\" target=\"_blank\" rel=\"nofollow noopener\"><span style=\"color: #b1cd4b;\">Maggiori informazioni sull&#8217;abete di \u010crmo\u0161njica<\/span><\/a><\/p>\n","protected":false},"excerpt":{"rendered":"<p>Il pino comune di \u010crmo\u0161nja \u00e8 l&#8217;abete rosso pi\u00f9 spesso (Abies alba Mill.) in Slovenia e allo stesso tempo il pi\u00f9 potente gigante arboreo del Ko\u010devski Rog. L&#8217;albero ha un collo di radice pronunciato, con la chioma che inizia a un&#8217;altezza di 15 m e si conclude con una forma piramidale. Nonostante la sua grande [&hellip;]<\/p>\n","protected":false},"author":1,"featured_media":3732,"parent":0,"template":"","meta":{"_acf_changed":false},"kategorija-ponudbe":[364],"podkategorija-ponudbe":[531,528],"posebna-ponudba":[],"lokacija":[231],"class_list":["post-10571","ponudba","type-ponudba","status-publish","has-post-thumbnail","hentry","kategorija-ponudbe-esperienze","podkategorija-ponudbe-altre-attrazioni","podkategorija-ponudbe-attrazioni","lokacija-dolenjske-toplice"],"acf":[],"yoast_head":"<!-- This site is optimized with the Yoast SEO plugin v27.3 - https:\/\/yoast.com\/product\/yoast-seo-wordpress\/ -->\n<title>L&#039;abete di \u010crmo\u0161njica - VisitDolenjska<\/title>\n<meta name=\"description\" content=\"Il pino comune di \u010crmo\u0161nja \u00e8 l&#039;abete rosso pi\u00f9 spesso (Abies alba Mill.) in Slovenia e allo stesso tempo il pi\u00f9 potente gigante arboreo del Ko\u010devski Rog.\" \/>\n<meta name=\"robots\" content=\"index, follow, max-snippet:-1, max-image-preview:large, max-video-preview:-1\" \/>\n<link rel=\"canonical\" href=\"https:\/\/www.visitdolenjska.eu\/it\/offerta\/labete-di-crmosnjica\/\" \/>\n<meta property=\"og:locale\" content=\"it_IT\" \/>\n<meta property=\"og:type\" content=\"article\" \/>\n<meta property=\"og:title\" content=\"L&#039;abete di \u010crmo\u0161njica - VisitDolenjska\" \/>\n<meta property=\"og:description\" content=\"Il pino comune di \u010crmo\u0161nja \u00e8 l&#039;abete rosso pi\u00f9 spesso (Abies alba Mill.) in Slovenia e allo stesso tempo il pi\u00f9 potente gigante arboreo del Ko\u010devski Rog.\" \/>\n<meta property=\"og:url\" content=\"https:\/\/www.visitdolenjska.eu\/it\/offerta\/labete-di-crmosnjica\/\" \/>\n<meta property=\"og:site_name\" content=\"VisitDolenjska\" \/>\n<meta name=\"twitter:card\" content=\"summary_large_image\" \/>\n<script type=\"application\/ld+json\" class=\"yoast-schema-graph\">{\"@context\":\"https:\\\/\\\/schema.org\",\"@graph\":[{\"@type\":\"WebPage\",\"@id\":\"https:\\\/\\\/www.visitdolenjska.eu\\\/it\\\/offerta\\\/labete-di-crmosnjica\\\/\",\"url\":\"https:\\\/\\\/www.visitdolenjska.eu\\\/it\\\/offerta\\\/labete-di-crmosnjica\\\/\",\"name\":\"L'abete di \u010crmo\u0161njica - VisitDolenjska\",\"isPartOf\":{\"@id\":\"https:\\\/\\\/www.visitdolenjska.eu\\\/it\\\/#website\"},\"primaryImageOfPage\":{\"@id\":\"https:\\\/\\\/www.visitdolenjska.eu\\\/it\\\/offerta\\\/labete-di-crmosnjica\\\/#primaryimage\"},\"image\":{\"@id\":\"https:\\\/\\\/www.visitdolenjska.eu\\\/it\\\/offerta\\\/labete-di-crmosnjica\\\/#primaryimage\"},\"thumbnailUrl\":\"https:\\\/\\\/www.visitdolenjska.eu\\\/wp-content\\\/uploads\\\/articles_logof09a7c005de2a7b.jpg\",\"datePublished\":\"2021-12-12T23:00:00+00:00\",\"description\":\"Il pino comune di \u010crmo\u0161nja \u00e8 l'abete rosso pi\u00f9 spesso (Abies alba Mill.) in Slovenia e allo stesso tempo il pi\u00f9 potente gigante arboreo del Ko\u010devski Rog.\",\"breadcrumb\":{\"@id\":\"https:\\\/\\\/www.visitdolenjska.eu\\\/it\\\/offerta\\\/labete-di-crmosnjica\\\/#breadcrumb\"},\"inLanguage\":\"it-IT\",\"potentialAction\":[{\"@type\":\"ReadAction\",\"target\":[\"https:\\\/\\\/www.visitdolenjska.eu\\\/it\\\/offerta\\\/labete-di-crmosnjica\\\/\"]}]},{\"@type\":\"ImageObject\",\"inLanguage\":\"it-IT\",\"@id\":\"https:\\\/\\\/www.visitdolenjska.eu\\\/it\\\/offerta\\\/labete-di-crmosnjica\\\/#primaryimage\",\"url\":\"https:\\\/\\\/www.visitdolenjska.eu\\\/wp-content\\\/uploads\\\/articles_logof09a7c005de2a7b.jpg\",\"contentUrl\":\"https:\\\/\\\/www.visitdolenjska.eu\\\/wp-content\\\/uploads\\\/articles_logof09a7c005de2a7b.jpg\",\"width\":400,\"height\":400},{\"@type\":\"BreadcrumbList\",\"@id\":\"https:\\\/\\\/www.visitdolenjska.eu\\\/it\\\/offerta\\\/labete-di-crmosnjica\\\/#breadcrumb\",\"itemListElement\":[{\"@type\":\"ListItem\",\"position\":1,\"name\":\"Home\",\"item\":\"https:\\\/\\\/www.visitdolenjska.eu\\\/it\\\/\"},{\"@type\":\"ListItem\",\"position\":2,\"name\":\"Offerta\",\"item\":\"https:\\\/\\\/www.visitdolenjska.eu\\\/it\\\/offerta\\\/\"},{\"@type\":\"ListItem\",\"position\":3,\"name\":\"L&#8217;abete di \u010crmo\u0161njica\"}]},{\"@type\":\"WebSite\",\"@id\":\"https:\\\/\\\/www.visitdolenjska.eu\\\/it\\\/#website\",\"url\":\"https:\\\/\\\/www.visitdolenjska.eu\\\/it\\\/\",\"name\":\"VisitDolenjska\",\"description\":\"\",\"potentialAction\":[{\"@type\":\"SearchAction\",\"target\":{\"@type\":\"EntryPoint\",\"urlTemplate\":\"https:\\\/\\\/www.visitdolenjska.eu\\\/it\\\/?s={search_term_string}\"},\"query-input\":{\"@type\":\"PropertyValueSpecification\",\"valueRequired\":true,\"valueName\":\"search_term_string\"}}],\"inLanguage\":\"it-IT\"}]}<\/script>\n<!-- \/ Yoast SEO plugin. -->","yoast_head_json":{"title":"L'abete di \u010crmo\u0161njica - VisitDolenjska","description":"Il pino comune di \u010crmo\u0161nja \u00e8 l'abete rosso pi\u00f9 spesso (Abies alba Mill.) in Slovenia e allo stesso tempo il pi\u00f9 potente gigante arboreo del Ko\u010devski Rog.","robots":{"index":"index","follow":"follow","max-snippet":"max-snippet:-1","max-image-preview":"max-image-preview:large","max-video-preview":"max-video-preview:-1"},"canonical":"https:\/\/www.visitdolenjska.eu\/it\/offerta\/labete-di-crmosnjica\/","og_locale":"it_IT","og_type":"article","og_title":"L'abete di \u010crmo\u0161njica - VisitDolenjska","og_description":"Il pino comune di \u010crmo\u0161nja \u00e8 l'abete rosso pi\u00f9 spesso (Abies alba Mill.) in Slovenia e allo stesso tempo il pi\u00f9 potente gigante arboreo del Ko\u010devski Rog.","og_url":"https:\/\/www.visitdolenjska.eu\/it\/offerta\/labete-di-crmosnjica\/","og_site_name":"VisitDolenjska","twitter_card":"summary_large_image","schema":{"@context":"https:\/\/schema.org","@graph":[{"@type":"WebPage","@id":"https:\/\/www.visitdolenjska.eu\/it\/offerta\/labete-di-crmosnjica\/","url":"https:\/\/www.visitdolenjska.eu\/it\/offerta\/labete-di-crmosnjica\/","name":"L'abete di \u010crmo\u0161njica - VisitDolenjska","isPartOf":{"@id":"https:\/\/www.visitdolenjska.eu\/it\/#website"},"primaryImageOfPage":{"@id":"https:\/\/www.visitdolenjska.eu\/it\/offerta\/labete-di-crmosnjica\/#primaryimage"},"image":{"@id":"https:\/\/www.visitdolenjska.eu\/it\/offerta\/labete-di-crmosnjica\/#primaryimage"},"thumbnailUrl":"https:\/\/www.visitdolenjska.eu\/wp-content\/uploads\/articles_logof09a7c005de2a7b.jpg","datePublished":"2021-12-12T23:00:00+00:00","description":"Il pino comune di \u010crmo\u0161nja \u00e8 l'abete rosso pi\u00f9 spesso (Abies alba Mill.) in Slovenia e allo stesso tempo il pi\u00f9 potente gigante arboreo del Ko\u010devski Rog.","breadcrumb":{"@id":"https:\/\/www.visitdolenjska.eu\/it\/offerta\/labete-di-crmosnjica\/#breadcrumb"},"inLanguage":"it-IT","potentialAction":[{"@type":"ReadAction","target":["https:\/\/www.visitdolenjska.eu\/it\/offerta\/labete-di-crmosnjica\/"]}]},{"@type":"ImageObject","inLanguage":"it-IT","@id":"https:\/\/www.visitdolenjska.eu\/it\/offerta\/labete-di-crmosnjica\/#primaryimage","url":"https:\/\/www.visitdolenjska.eu\/wp-content\/uploads\/articles_logof09a7c005de2a7b.jpg","contentUrl":"https:\/\/www.visitdolenjska.eu\/wp-content\/uploads\/articles_logof09a7c005de2a7b.jpg","width":400,"height":400},{"@type":"BreadcrumbList","@id":"https:\/\/www.visitdolenjska.eu\/it\/offerta\/labete-di-crmosnjica\/#breadcrumb","itemListElement":[{"@type":"ListItem","position":1,"name":"Home","item":"https:\/\/www.visitdolenjska.eu\/it\/"},{"@type":"ListItem","position":2,"name":"Offerta","item":"https:\/\/www.visitdolenjska.eu\/it\/offerta\/"},{"@type":"ListItem","position":3,"name":"L&#8217;abete di \u010crmo\u0161njica"}]},{"@type":"WebSite","@id":"https:\/\/www.visitdolenjska.eu\/it\/#website","url":"https:\/\/www.visitdolenjska.eu\/it\/","name":"VisitDolenjska","description":"","potentialAction":[{"@type":"SearchAction","target":{"@type":"EntryPoint","urlTemplate":"https:\/\/www.visitdolenjska.eu\/it\/?s={search_term_string}"},"query-input":{"@type":"PropertyValueSpecification","valueRequired":true,"valueName":"search_term_string"}}],"inLanguage":"it-IT"}]}},"_links":{"self":[{"href":"https:\/\/www.visitdolenjska.eu\/it\/wp-json\/wp\/v2\/ponudba\/10571","targetHints":{"allow":["GET"]}}],"collection":[{"href":"https:\/\/www.visitdolenjska.eu\/it\/wp-json\/wp\/v2\/ponudba"}],"about":[{"href":"https:\/\/www.visitdolenjska.eu\/it\/wp-json\/wp\/v2\/types\/ponudba"}],"author":[{"embeddable":true,"href":"https:\/\/www.visitdolenjska.eu\/it\/wp-json\/wp\/v2\/users\/1"}],"wp:featuredmedia":[{"embeddable":true,"href":"https:\/\/www.visitdolenjska.eu\/it\/wp-json\/wp\/v2\/media\/3732"}],"wp:attachment":[{"href":"https:\/\/www.visitdolenjska.eu\/it\/wp-json\/wp\/v2\/media?parent=10571"}],"wp:term":[{"taxonomy":"kategorija-ponudbe","embeddable":true,"href":"https:\/\/www.visitdolenjska.eu\/it\/wp-json\/wp\/v2\/kategorija-ponudbe?post=10571"},{"taxonomy":"podkategorija-ponudbe","embeddable":true,"href":"https:\/\/www.visitdolenjska.eu\/it\/wp-json\/wp\/v2\/podkategorija-ponudbe?post=10571"},{"taxonomy":"posebna-ponudba","embeddable":true,"href":"https:\/\/www.visitdolenjska.eu\/it\/wp-json\/wp\/v2\/posebna-ponudba?post=10571"},{"taxonomy":"lokacija","embeddable":true,"href":"https:\/\/www.visitdolenjska.eu\/it\/wp-json\/wp\/v2\/lokacija?post=10571"}],"curies":[{"name":"wp","href":"https:\/\/api.w.org\/{rel}","templated":true}]}}

L&#8217;abete di Črmošnjica

<p>Il pino comune di Črmošnja è l&#8217;abete rosso più spesso (Abies alba Mill.) in Slovenia e allo stesso tempo il più potente gigante arboreo del Kočevski Rog.</p>
<p>L&#8217;albero ha un collo di radice pronunciato, con la chioma che inizia a un&#8217;altezza di 15 m e si conclude con una forma piramidale. Nonostante la sua grande età, è vitale, anche se la crescita in larghezza e altezza si è rallentata. Cresce su terreni carsici superficiali lungo il percorso della vecchia ferrovia forestale Žage Rog. Con la sua maestosità, ha convinto i guardiani forestali più di un secolo fa a non abbatterlo.   </p>
<p>L&#8217;abete è una componente fondamentale delle foreste di abete e faggio dinariche. La sua quota nel patrimonio legnoso è diminuita significativamente negli ultimi 40 anni. La causa è il calo della vitalità e il consumo eccessivo dei germogli giovani da parte di una popolazione troppo numerosa di cervi, che impedisce la rigenerazione delle foreste.  </p>
<p><strong>Carta d&#8217;identità:</strong></p>
<p>Circonferenza: 6,02 m</p>
<p>Altezza: 45,5 m</p>
<p>Volume del tronco: 42 m3</p>
<p>Diametro: 1,92 m</p>
<p>Tasso di crescita del diametro: 1,5 mm/leto</p>
<p>Età stimata: 280 let</p>
<p><a href="https://tic.dolenjske-toplice.si/DownloadFile?id=74580" target="_blank" rel="nofollow noopener"><span style="color: #b1cd4b;">Maggiori informazioni sull&#8217;abete di Črmošnjica</span></a></p>

<p>Il pino comune di Črmošnja è l&#8217;abete rosso più spesso (Abies alba Mill.) in Slovenia e allo stesso tempo il più potente gigante arboreo del Kočevski Rog. L&#8217;albero ha un collo di radice pronunciato, con la chioma che inizia a un&#8217;altezza di 15 m e si conclude con una forma piramidale. Nonostante la sua grande [&hellip;]</p>

<!-- This site is optimized with the Yoast SEO plugin v27.3 - https://yoast.com/product/yoast-seo-wordpress/ -->
<title>L&#039;abete di Črmošnjica - VisitDolenjska</title>
<meta name="description" content="Il pino comune di Črmošnja è l&#039;abete rosso più spesso (Abies alba Mill.) in Slovenia e allo stesso tempo il più potente gigante arboreo del Kočevski Rog." />
<meta name="robots" content="index, follow, max-snippet:-1, max-image-preview:large, max-video-preview:-1" />
<link rel="canonical" href="https://www.visitdolenjska.eu/it/offerta/labete-di-crmosnjica/" />
<meta property="og:locale" content="it_IT" />
<meta property="og:type" content="article" />
<meta property="og:title" content="L&#039;abete di Črmošnjica - VisitDolenjska" />
<meta property="og:description" content="Il pino comune di Črmošnja è l&#039;abete rosso più spesso (Abies alba Mill.) in Slovenia e allo stesso tempo il più potente gigante arboreo del Kočevski Rog." />
<meta property="og:url" content="https://www.visitdolenjska.eu/it/offerta/labete-di-crmosnjica/" />
<meta property="og:site_name" content="VisitDolenjska" />
<meta name="twitter:card" content="summary_large_image" />
<script type="application/ld+json" class="yoast-schema-graph">{"@context":"https:\/\/schema.org","@graph":[{"@type":"WebPage","@id":"https:\/\/www.visitdolenjska.eu\/it\/offerta\/labete-di-crmosnjica\/","url":"https:\/\/www.visitdolenjska.eu\/it\/offerta\/labete-di-crmosnjica\/","name":"L'abete di Črmošnjica - VisitDolenjska","isPartOf":{"@id":"https:\/\/www.visitdolenjska.eu\/it\/#website"},"primaryImageOfPage":{"@id":"https:\/\/www.visitdolenjska.eu\/it\/offerta\/labete-di-crmosnjica\/#primaryimage"},"image":{"@id":"https:\/\/www.visitdolenjska.eu\/it\/offerta\/labete-di-crmosnjica\/#primaryimage"},"thumbnailUrl":"https:\/\/www.visitdolenjska.eu\/wp-content\/uploads\/articles_logof09a7c005de2a7b.jpg","datePublished":"2021-12-12T23:00:00+00:00","description":"Il pino comune di Črmošnja è l'abete rosso più spesso (Abies alba Mill.) in Slovenia e allo stesso tempo il più potente gigante arboreo del Kočevski Rog.","breadcrumb":{"@id":"https:\/\/www.visitdolenjska.eu\/it\/offerta\/labete-di-crmosnjica\/#breadcrumb"},"inLanguage":"it-IT","potentialAction":[{"@type":"ReadAction","target":["https:\/\/www.visitdolenjska.eu\/it\/offerta\/labete-di-crmosnjica\/"]}]},{"@type":"ImageObject","inLanguage":"it-IT","@id":"https:\/\/www.visitdolenjska.eu\/it\/offerta\/labete-di-crmosnjica\/#primaryimage","url":"https:\/\/www.visitdolenjska.eu\/wp-content\/uploads\/articles_logof09a7c005de2a7b.jpg","contentUrl":"https:\/\/www.visitdolenjska.eu\/wp-content\/uploads\/articles_logof09a7c005de2a7b.jpg","width":400,"height":400},{"@type":"BreadcrumbList","@id":"https:\/\/www.visitdolenjska.eu\/it\/offerta\/labete-di-crmosnjica\/#breadcrumb","itemListElement":[{"@type":"ListItem","position":1,"name":"Home","item":"https:\/\/www.visitdolenjska.eu\/it\/"},{"@type":"ListItem","position":2,"name":"Offerta","item":"https:\/\/www.visitdolenjska.eu\/it\/offerta\/"},{"@type":"ListItem","position":3,"name":"L&#8217;abete di Črmošnjica"}]},{"@type":"WebSite","@id":"https:\/\/www.visitdolenjska.eu\/it\/#website","url":"https:\/\/www.visitdolenjska.eu\/it\/","name":"VisitDolenjska","description":"","potentialAction":[{"@type":"SearchAction","target":{"@type":"EntryPoint","urlTemplate":"https:\/\/www.visitdolenjska.eu\/it\/?s={search_term_string}"},"query-input":{"@type":"PropertyValueSpecification","valueRequired":true,"valueName":"search_term_string"}}],"inLanguage":"it-IT"}]}</script>
<!-- / Yoast SEO plugin. -->

L'abete di Črmošnjica - VisitDolenjska

Il pino comune di Črmošnja è l'abete rosso più spesso (Abies alba Mill.) in Slovenia e allo stesso tempo il più potente gigante arboreo del Kočevski Rog.
