{"id":11045,"date":"2021-12-13T00:00:00","date_gmt":"2021-12-12T23:00:00","guid":{"rendered":"https:\/\/www.visitdolenjska.eu\/ponudba\/abete-sotto-kunc\/"},"modified":"2021-12-13T00:00:00","modified_gmt":"2021-12-12T23:00:00","slug":"abete-sotto-kunc","status":"publish","type":"ponudba","link":"https:\/\/www.visitdolenjska.eu\/it\/offerta\/abete-sotto-kunc\/","title":{"rendered":"Abete sotto Kun\u010d"},"content":{"rendered":"<p>L\u2019abete sotto Kun\u010d \u00e8 l\u2019abete pi\u00f9 spesso della regione di Dolenjska. Oltre al suo aspetto, mostra una buona vitalit\u00e0 con una crescita annuale significativa in spessore e una regolare produzione di semi. La sua circonferenza misura ben 4,70 m. La sua et\u00e0 \u00e8 stimata a oltre 150 anni.   <\/p>\n<p><\/p>\n<p>Fino alla met\u00e0 del XIX secolo, gli habitat naturali dell\u2019abete nella zona di Ko\u010devski Rog erano limitati solo ad alcune conche fredde nei dolini carsici. L\u2019introduzione dell\u2019abete \u00e8 legata all\u2019inizio dello sfruttamento delle foreste di Rog, quando predominavano il disboscamento a raso e la piantumazione di monocolture di abete. Un\u2019intensa piantumazione di abete \u00e8 caratteristica anche del periodo dopo la Seconda guerra mondiale, quando furono riforestati numerosi terreni dei villaggi gottscheer abbandonati.    <\/p>\n<p>L\u2019abete \u00e8 una specie tipica alpina o boreale che per crescere necessita di un\u2019elevata umidit\u00e0 dell\u2019aria e abbondanti precipitazioni. Non tollera la siccit\u00e0 n\u00e9 il caldo, perci\u00f2 in tali condizioni \u00e8 pi\u00f9 soggetto agli attacchi dei bostrichi e all\u2019essiccamento.  <\/p>\n<p><\/p>\n<p><strong>Carta d&#8217;identit\u00e0:<\/strong><\/p>\n<p>Altezza: 51,0 m<\/p>\n<p>Circonferenza: 4,70 m<\/p>\n<p>Diametro: 1,50 m<\/p>\n<p>Accrescimento in spessore: 7,9 mm\/anno<\/p>\n<p><\/p>\n<p><a href=\"https:\/\/tic.dolenjske-toplice.si\/DownloadFile?id=74583\" rel=\"nofollow noopener\" target=\"_blank\"><span style=\"color: #B1CD4B;\">Maggiori informazioni sull\u2019abete sotto Kun\u010d<\/span><\/a><\/p>\n","protected":false},"excerpt":{"rendered":"<p>L\u2019abete sotto Kun\u010d \u00e8 l\u2019abete pi\u00f9 spesso della regione di Dolenjska. Oltre al suo aspetto, mostra una buona vitalit\u00e0 con una crescita annuale significativa in spessore e una regolare produzione di semi. La sua circonferenza misura ben 4,70 m. La sua et\u00e0 \u00e8 stimata a oltre 150 anni. Fino alla met\u00e0 del XIX secolo, gli [&hellip;]<\/p>\n","protected":false},"author":1,"featured_media":3790,"parent":0,"template":"","meta":{"_acf_changed":false},"kategorija-ponudbe":[364],"podkategorija-ponudbe":[531,528],"posebna-ponudba":[],"lokacija":[231],"class_list":["post-11045","ponudba","type-ponudba","status-publish","has-post-thumbnail","hentry","kategorija-ponudbe-esperienze","podkategorija-ponudbe-altre-attrazioni","podkategorija-ponudbe-attrazioni","lokacija-dolenjske-toplice"],"acf":[],"yoast_head":"<!-- This site is optimized with the Yoast SEO plugin v27.3 - https:\/\/yoast.com\/product\/yoast-seo-wordpress\/ -->\n<title>Abete sotto Kun\u010d - VisitDolenjska<\/title>\n<meta name=\"description\" content=\"L\u2019abete sotto Kun\u010d \u00e8 l\u2019abete pi\u00f9 spesso della regione di Dolenjska. Oltre al suo aspetto, mostra una buona vitalit\u00e0 con una crescita annuale significativa\" \/>\n<meta name=\"robots\" content=\"index, follow, max-snippet:-1, max-image-preview:large, max-video-preview:-1\" \/>\n<link rel=\"canonical\" href=\"https:\/\/www.visitdolenjska.eu\/it\/offerta\/abete-sotto-kunc\/\" \/>\n<meta property=\"og:locale\" content=\"it_IT\" \/>\n<meta property=\"og:type\" content=\"article\" \/>\n<meta property=\"og:title\" content=\"Abete sotto Kun\u010d - VisitDolenjska\" \/>\n<meta property=\"og:description\" content=\"L\u2019abete sotto Kun\u010d \u00e8 l\u2019abete pi\u00f9 spesso della regione di Dolenjska. Oltre al suo aspetto, mostra una buona vitalit\u00e0 con una crescita annuale significativa\" \/>\n<meta property=\"og:url\" content=\"https:\/\/www.visitdolenjska.eu\/it\/offerta\/abete-sotto-kunc\/\" \/>\n<meta property=\"og:site_name\" content=\"VisitDolenjska\" \/>\n<meta name=\"twitter:card\" content=\"summary_large_image\" \/>\n<script type=\"application\/ld+json\" class=\"yoast-schema-graph\">{\"@context\":\"https:\\\/\\\/schema.org\",\"@graph\":[{\"@type\":\"WebPage\",\"@id\":\"https:\\\/\\\/www.visitdolenjska.eu\\\/it\\\/offerta\\\/abete-sotto-kunc\\\/\",\"url\":\"https:\\\/\\\/www.visitdolenjska.eu\\\/it\\\/offerta\\\/abete-sotto-kunc\\\/\",\"name\":\"Abete sotto Kun\u010d - VisitDolenjska\",\"isPartOf\":{\"@id\":\"https:\\\/\\\/www.visitdolenjska.eu\\\/it\\\/#website\"},\"primaryImageOfPage\":{\"@id\":\"https:\\\/\\\/www.visitdolenjska.eu\\\/it\\\/offerta\\\/abete-sotto-kunc\\\/#primaryimage\"},\"image\":{\"@id\":\"https:\\\/\\\/www.visitdolenjska.eu\\\/it\\\/offerta\\\/abete-sotto-kunc\\\/#primaryimage\"},\"thumbnailUrl\":\"https:\\\/\\\/www.visitdolenjska.eu\\\/wp-content\\\/uploads\\\/articles_logo5e2b71a281ccf66.jpg\",\"datePublished\":\"2021-12-12T23:00:00+00:00\",\"description\":\"L\u2019abete sotto Kun\u010d \u00e8 l\u2019abete pi\u00f9 spesso della regione di Dolenjska. Oltre al suo aspetto, mostra una buona vitalit\u00e0 con una crescita annuale significativa\",\"breadcrumb\":{\"@id\":\"https:\\\/\\\/www.visitdolenjska.eu\\\/it\\\/offerta\\\/abete-sotto-kunc\\\/#breadcrumb\"},\"inLanguage\":\"it-IT\",\"potentialAction\":[{\"@type\":\"ReadAction\",\"target\":[\"https:\\\/\\\/www.visitdolenjska.eu\\\/it\\\/offerta\\\/abete-sotto-kunc\\\/\"]}]},{\"@type\":\"ImageObject\",\"inLanguage\":\"it-IT\",\"@id\":\"https:\\\/\\\/www.visitdolenjska.eu\\\/it\\\/offerta\\\/abete-sotto-kunc\\\/#primaryimage\",\"url\":\"https:\\\/\\\/www.visitdolenjska.eu\\\/wp-content\\\/uploads\\\/articles_logo5e2b71a281ccf66.jpg\",\"contentUrl\":\"https:\\\/\\\/www.visitdolenjska.eu\\\/wp-content\\\/uploads\\\/articles_logo5e2b71a281ccf66.jpg\",\"width\":400,\"height\":400},{\"@type\":\"BreadcrumbList\",\"@id\":\"https:\\\/\\\/www.visitdolenjska.eu\\\/it\\\/offerta\\\/abete-sotto-kunc\\\/#breadcrumb\",\"itemListElement\":[{\"@type\":\"ListItem\",\"position\":1,\"name\":\"Home\",\"item\":\"https:\\\/\\\/www.visitdolenjska.eu\\\/it\\\/\"},{\"@type\":\"ListItem\",\"position\":2,\"name\":\"Offerta\",\"item\":\"https:\\\/\\\/www.visitdolenjska.eu\\\/it\\\/offerta\\\/\"},{\"@type\":\"ListItem\",\"position\":3,\"name\":\"Abete sotto Kun\u010d\"}]},{\"@type\":\"WebSite\",\"@id\":\"https:\\\/\\\/www.visitdolenjska.eu\\\/it\\\/#website\",\"url\":\"https:\\\/\\\/www.visitdolenjska.eu\\\/it\\\/\",\"name\":\"VisitDolenjska\",\"description\":\"\",\"potentialAction\":[{\"@type\":\"SearchAction\",\"target\":{\"@type\":\"EntryPoint\",\"urlTemplate\":\"https:\\\/\\\/www.visitdolenjska.eu\\\/it\\\/?s={search_term_string}\"},\"query-input\":{\"@type\":\"PropertyValueSpecification\",\"valueRequired\":true,\"valueName\":\"search_term_string\"}}],\"inLanguage\":\"it-IT\"}]}<\/script>\n<!-- \/ Yoast SEO plugin. -->","yoast_head_json":{"title":"Abete sotto Kun\u010d - VisitDolenjska","description":"L\u2019abete sotto Kun\u010d \u00e8 l\u2019abete pi\u00f9 spesso della regione di Dolenjska. Oltre al suo aspetto, mostra una buona vitalit\u00e0 con una crescita annuale significativa","robots":{"index":"index","follow":"follow","max-snippet":"max-snippet:-1","max-image-preview":"max-image-preview:large","max-video-preview":"max-video-preview:-1"},"canonical":"https:\/\/www.visitdolenjska.eu\/it\/offerta\/abete-sotto-kunc\/","og_locale":"it_IT","og_type":"article","og_title":"Abete sotto Kun\u010d - VisitDolenjska","og_description":"L\u2019abete sotto Kun\u010d \u00e8 l\u2019abete pi\u00f9 spesso della regione di Dolenjska. Oltre al suo aspetto, mostra una buona vitalit\u00e0 con una crescita annuale significativa","og_url":"https:\/\/www.visitdolenjska.eu\/it\/offerta\/abete-sotto-kunc\/","og_site_name":"VisitDolenjska","twitter_card":"summary_large_image","schema":{"@context":"https:\/\/schema.org","@graph":[{"@type":"WebPage","@id":"https:\/\/www.visitdolenjska.eu\/it\/offerta\/abete-sotto-kunc\/","url":"https:\/\/www.visitdolenjska.eu\/it\/offerta\/abete-sotto-kunc\/","name":"Abete sotto Kun\u010d - VisitDolenjska","isPartOf":{"@id":"https:\/\/www.visitdolenjska.eu\/it\/#website"},"primaryImageOfPage":{"@id":"https:\/\/www.visitdolenjska.eu\/it\/offerta\/abete-sotto-kunc\/#primaryimage"},"image":{"@id":"https:\/\/www.visitdolenjska.eu\/it\/offerta\/abete-sotto-kunc\/#primaryimage"},"thumbnailUrl":"https:\/\/www.visitdolenjska.eu\/wp-content\/uploads\/articles_logo5e2b71a281ccf66.jpg","datePublished":"2021-12-12T23:00:00+00:00","description":"L\u2019abete sotto Kun\u010d \u00e8 l\u2019abete pi\u00f9 spesso della regione di Dolenjska. Oltre al suo aspetto, mostra una buona vitalit\u00e0 con una crescita annuale significativa","breadcrumb":{"@id":"https:\/\/www.visitdolenjska.eu\/it\/offerta\/abete-sotto-kunc\/#breadcrumb"},"inLanguage":"it-IT","potentialAction":[{"@type":"ReadAction","target":["https:\/\/www.visitdolenjska.eu\/it\/offerta\/abete-sotto-kunc\/"]}]},{"@type":"ImageObject","inLanguage":"it-IT","@id":"https:\/\/www.visitdolenjska.eu\/it\/offerta\/abete-sotto-kunc\/#primaryimage","url":"https:\/\/www.visitdolenjska.eu\/wp-content\/uploads\/articles_logo5e2b71a281ccf66.jpg","contentUrl":"https:\/\/www.visitdolenjska.eu\/wp-content\/uploads\/articles_logo5e2b71a281ccf66.jpg","width":400,"height":400},{"@type":"BreadcrumbList","@id":"https:\/\/www.visitdolenjska.eu\/it\/offerta\/abete-sotto-kunc\/#breadcrumb","itemListElement":[{"@type":"ListItem","position":1,"name":"Home","item":"https:\/\/www.visitdolenjska.eu\/it\/"},{"@type":"ListItem","position":2,"name":"Offerta","item":"https:\/\/www.visitdolenjska.eu\/it\/offerta\/"},{"@type":"ListItem","position":3,"name":"Abete sotto Kun\u010d"}]},{"@type":"WebSite","@id":"https:\/\/www.visitdolenjska.eu\/it\/#website","url":"https:\/\/www.visitdolenjska.eu\/it\/","name":"VisitDolenjska","description":"","potentialAction":[{"@type":"SearchAction","target":{"@type":"EntryPoint","urlTemplate":"https:\/\/www.visitdolenjska.eu\/it\/?s={search_term_string}"},"query-input":{"@type":"PropertyValueSpecification","valueRequired":true,"valueName":"search_term_string"}}],"inLanguage":"it-IT"}]}},"_links":{"self":[{"href":"https:\/\/www.visitdolenjska.eu\/it\/wp-json\/wp\/v2\/ponudba\/11045","targetHints":{"allow":["GET"]}}],"collection":[{"href":"https:\/\/www.visitdolenjska.eu\/it\/wp-json\/wp\/v2\/ponudba"}],"about":[{"href":"https:\/\/www.visitdolenjska.eu\/it\/wp-json\/wp\/v2\/types\/ponudba"}],"author":[{"embeddable":true,"href":"https:\/\/www.visitdolenjska.eu\/it\/wp-json\/wp\/v2\/users\/1"}],"wp:featuredmedia":[{"embeddable":true,"href":"https:\/\/www.visitdolenjska.eu\/it\/wp-json\/wp\/v2\/media\/3790"}],"wp:attachment":[{"href":"https:\/\/www.visitdolenjska.eu\/it\/wp-json\/wp\/v2\/media?parent=11045"}],"wp:term":[{"taxonomy":"kategorija-ponudbe","embeddable":true,"href":"https:\/\/www.visitdolenjska.eu\/it\/wp-json\/wp\/v2\/kategorija-ponudbe?post=11045"},{"taxonomy":"podkategorija-ponudbe","embeddable":true,"href":"https:\/\/www.visitdolenjska.eu\/it\/wp-json\/wp\/v2\/podkategorija-ponudbe?post=11045"},{"taxonomy":"posebna-ponudba","embeddable":true,"href":"https:\/\/www.visitdolenjska.eu\/it\/wp-json\/wp\/v2\/posebna-ponudba?post=11045"},{"taxonomy":"lokacija","embeddable":true,"href":"https:\/\/www.visitdolenjska.eu\/it\/wp-json\/wp\/v2\/lokacija?post=11045"}],"curies":[{"name":"wp","href":"https:\/\/api.w.org\/{rel}","templated":true}]}}

Abete sotto Kunč

<p>L’abete sotto Kunč è l’abete più spesso della regione di Dolenjska. Oltre al suo aspetto, mostra una buona vitalità con una crescita annuale significativa in spessore e una regolare produzione di semi. La sua circonferenza misura ben 4,70 m. La sua età è stimata a oltre 150 anni.   </p>
<p></p>
<p>Fino alla metà del XIX secolo, gli habitat naturali dell’abete nella zona di Kočevski Rog erano limitati solo ad alcune conche fredde nei dolini carsici. L’introduzione dell’abete è legata all’inizio dello sfruttamento delle foreste di Rog, quando predominavano il disboscamento a raso e la piantumazione di monocolture di abete. Un’intensa piantumazione di abete è caratteristica anche del periodo dopo la Seconda guerra mondiale, quando furono riforestati numerosi terreni dei villaggi gottscheer abbandonati.    </p>
<p>L’abete è una specie tipica alpina o boreale che per crescere necessita di un’elevata umidità dell’aria e abbondanti precipitazioni. Non tollera la siccità né il caldo, perciò in tali condizioni è più soggetto agli attacchi dei bostrichi e all’essiccamento.  </p>
<p></p>
<p><strong>Carta d&#8217;identità:</strong></p>
<p>Altezza: 51,0 m</p>
<p>Circonferenza: 4,70 m</p>
<p>Diametro: 1,50 m</p>
<p>Accrescimento in spessore: 7,9 mm/anno</p>
<p></p>
<p><a href="https://tic.dolenjske-toplice.si/DownloadFile?id=74583" rel="nofollow noopener" target="_blank"><span style="color: #B1CD4B;">Maggiori informazioni sull’abete sotto Kunč</span></a></p>

<p>L’abete sotto Kunč è l’abete più spesso della regione di Dolenjska. Oltre al suo aspetto, mostra una buona vitalità con una crescita annuale significativa in spessore e una regolare produzione di semi. La sua circonferenza misura ben 4,70 m. La sua età è stimata a oltre 150 anni. Fino alla metà del XIX secolo, gli [&hellip;]</p>

<!-- This site is optimized with the Yoast SEO plugin v27.3 - https://yoast.com/product/yoast-seo-wordpress/ -->
<title>Abete sotto Kunč - VisitDolenjska</title>
<meta name="description" content="L’abete sotto Kunč è l’abete più spesso della regione di Dolenjska. Oltre al suo aspetto, mostra una buona vitalità con una crescita annuale significativa" />
<meta name="robots" content="index, follow, max-snippet:-1, max-image-preview:large, max-video-preview:-1" />
<link rel="canonical" href="https://www.visitdolenjska.eu/it/offerta/abete-sotto-kunc/" />
<meta property="og:locale" content="it_IT" />
<meta property="og:type" content="article" />
<meta property="og:title" content="Abete sotto Kunč - VisitDolenjska" />
<meta property="og:description" content="L’abete sotto Kunč è l’abete più spesso della regione di Dolenjska. Oltre al suo aspetto, mostra una buona vitalità con una crescita annuale significativa" />
<meta property="og:url" content="https://www.visitdolenjska.eu/it/offerta/abete-sotto-kunc/" />
<meta property="og:site_name" content="VisitDolenjska" />
<meta name="twitter:card" content="summary_large_image" />
<script type="application/ld+json" class="yoast-schema-graph">{"@context":"https:\/\/schema.org","@graph":[{"@type":"WebPage","@id":"https:\/\/www.visitdolenjska.eu\/it\/offerta\/abete-sotto-kunc\/","url":"https:\/\/www.visitdolenjska.eu\/it\/offerta\/abete-sotto-kunc\/","name":"Abete sotto Kunč - VisitDolenjska","isPartOf":{"@id":"https:\/\/www.visitdolenjska.eu\/it\/#website"},"primaryImageOfPage":{"@id":"https:\/\/www.visitdolenjska.eu\/it\/offerta\/abete-sotto-kunc\/#primaryimage"},"image":{"@id":"https:\/\/www.visitdolenjska.eu\/it\/offerta\/abete-sotto-kunc\/#primaryimage"},"thumbnailUrl":"https:\/\/www.visitdolenjska.eu\/wp-content\/uploads\/articles_logo5e2b71a281ccf66.jpg","datePublished":"2021-12-12T23:00:00+00:00","description":"L’abete sotto Kunč è l’abete più spesso della regione di Dolenjska. Oltre al suo aspetto, mostra una buona vitalità con una crescita annuale significativa","breadcrumb":{"@id":"https:\/\/www.visitdolenjska.eu\/it\/offerta\/abete-sotto-kunc\/#breadcrumb"},"inLanguage":"it-IT","potentialAction":[{"@type":"ReadAction","target":["https:\/\/www.visitdolenjska.eu\/it\/offerta\/abete-sotto-kunc\/"]}]},{"@type":"ImageObject","inLanguage":"it-IT","@id":"https:\/\/www.visitdolenjska.eu\/it\/offerta\/abete-sotto-kunc\/#primaryimage","url":"https:\/\/www.visitdolenjska.eu\/wp-content\/uploads\/articles_logo5e2b71a281ccf66.jpg","contentUrl":"https:\/\/www.visitdolenjska.eu\/wp-content\/uploads\/articles_logo5e2b71a281ccf66.jpg","width":400,"height":400},{"@type":"BreadcrumbList","@id":"https:\/\/www.visitdolenjska.eu\/it\/offerta\/abete-sotto-kunc\/#breadcrumb","itemListElement":[{"@type":"ListItem","position":1,"name":"Home","item":"https:\/\/www.visitdolenjska.eu\/it\/"},{"@type":"ListItem","position":2,"name":"Offerta","item":"https:\/\/www.visitdolenjska.eu\/it\/offerta\/"},{"@type":"ListItem","position":3,"name":"Abete sotto Kunč"}]},{"@type":"WebSite","@id":"https:\/\/www.visitdolenjska.eu\/it\/#website","url":"https:\/\/www.visitdolenjska.eu\/it\/","name":"VisitDolenjska","description":"","potentialAction":[{"@type":"SearchAction","target":{"@type":"EntryPoint","urlTemplate":"https:\/\/www.visitdolenjska.eu\/it\/?s={search_term_string}"},"query-input":{"@type":"PropertyValueSpecification","valueRequired":true,"valueName":"search_term_string"}}],"inLanguage":"it-IT"}]}</script>
<!-- / Yoast SEO plugin. -->

Abete sotto Kunč - VisitDolenjska

L’abete sotto Kunč è l’abete più spesso della regione di Dolenjska. Oltre al suo aspetto, mostra una buona vitalità con una crescita annuale significativa
