{"id":4599,"date":"2016-07-28T00:00:00","date_gmt":"2016-07-27T22:00:00","guid":{"rendered":"https:\/\/www.visitdolenjska.eu\/ponudba\/nebesa-sopra-sentrupert\/"},"modified":"2025-04-28T10:59:00","modified_gmt":"2025-04-28T08:59:00","slug":"nebesa-sopra-sentrupert","status":"publish","type":"ponudba","link":"https:\/\/www.visitdolenjska.eu\/it\/offerta\/nebesa-sopra-sentrupert\/","title":{"rendered":"NEBESA SOPRA \u0160ENTRUPERT"},"content":{"rendered":"<p>La vetta pi\u00f9 alta del comune di <a href=\"https:\/\/www.visitdolenjska.eu\/it\/posizione\/sentrupert\/\" rel=\"nofollow\">\u0160entrupert<\/a> \u00e8 Nebesa (602 m), da dove si gode una vista celestiale sulla valle di Mirna, e sono visibili anche le vette del sud della Slovenia: i <a href=\"https:\/\/www.visitdolenjska.eu\/gorjanci\/\" rel=\"nofollow\">Gorjanci <\/a>con Trdinov Vrh, <a href=\"https:\/\/www.visitdolenjska.eu\/it\/offerta\/centro-turistico-gace\/\" rel=\"nofollow\">Ga\u010de, <\/a>Vrhtrebnje e persino Sne\u017enik.&nbsp;<\/p>\n<p>La vetta \u00e8 conosciuta per la sua vista eccezionalmente bella ed \u00e8 anche il punto pi\u00f9 alto del famoso<a href=\"https:\/\/www.visitdolenjska.eu\/ponudba\/steklasova-pohodna-pot\/\" rel=\"nofollow\"> Sentiero Steklas,<\/a> che corre lungo i pendii della Valle di Mirna. Direttamente nella parte meridionale si trova anche un punto di decollo per alianti e parapendio. <\/p>\n<p>Qui si trova anche la fattoria <a href=\"https:\/\/www.visitdolenjska.eu\/it\/offerta\/azienda-agricola-nebesa\/\" rel=\"nofollow\">escursionistica omonima<\/a>, che \u00e8 aperta ogni venerd\u00ec, sabato e domenica, e nei giorni feriali su appuntamento, nonch\u00e9 nelle serate di luna piena, quando si svolgono le escursioni al chiaro di luna dalla piazza di \u0160entrupert a Nebesa.<\/p>\n<hr>\n<p><em>Ristorati presso <a href=\"https:\/\/www.visitdolenjska.eu\/it\/offerta\/azienda-agricola-nebesa\/\" rel=\"nofollow\">la fattoria escursionistica Nebesa.<\/a><\/em><\/p>\n","protected":false},"excerpt":{"rendered":"<p>La vetta pi\u00f9 alta del comune di \u0160entrupert \u00e8 Nebesa (602 m), da dove si gode una vista celestiale sulla valle di Mirna, e sono visibili anche le vette del sud della Slovenia: i Gorjanci con Trdinov Vrh, Ga\u010de, Vrhtrebnje e persino Sne\u017enik.&nbsp; La vetta \u00e8 conosciuta per la sua vista eccezionalmente bella ed \u00e8 [&hellip;]<\/p>\n","protected":false},"author":1,"featured_media":2305,"parent":0,"template":"","meta":{"_acf_changed":false},"kategorija-ponudbe":[364],"podkategorija-ponudbe":[290,610],"posebna-ponudba":[],"lokacija":[430],"class_list":["post-4599","ponudba","type-ponudba","status-publish","has-post-thumbnail","hentry","kategorija-ponudbe-esperienze","podkategorija-ponudbe-gemme-nascoste","podkategorija-ponudbe-vedute-e-vette","lokacija-sentrupert-2"],"acf":[],"yoast_head":"<!-- This site is optimized with the Yoast SEO plugin v27.3 - https:\/\/yoast.com\/product\/yoast-seo-wordpress\/ -->\n<title>NEBESA SOPRA \u0160ENTRUPERT - VisitDolenjska<\/title>\n<meta name=\"description\" content=\"La vetta pi\u00f9 alta del comune di \u0160entrupert \u00e8 Nebesa (602 m), da dove si gode una vista celestiale sulla valle di Mirna, e sono visibili anche le vette del\" \/>\n<meta name=\"robots\" content=\"index, follow, max-snippet:-1, max-image-preview:large, max-video-preview:-1\" \/>\n<link rel=\"canonical\" href=\"https:\/\/www.visitdolenjska.eu\/it\/offerta\/nebesa-sopra-sentrupert\/\" \/>\n<meta property=\"og:locale\" content=\"it_IT\" \/>\n<meta property=\"og:type\" content=\"article\" \/>\n<meta property=\"og:title\" content=\"NEBESA SOPRA \u0160ENTRUPERT - VisitDolenjska\" \/>\n<meta property=\"og:description\" content=\"La vetta pi\u00f9 alta del comune di \u0160entrupert \u00e8 Nebesa (602 m), da dove si gode una vista celestiale sulla valle di Mirna, e sono visibili anche le vette del\" \/>\n<meta property=\"og:url\" content=\"https:\/\/www.visitdolenjska.eu\/it\/offerta\/nebesa-sopra-sentrupert\/\" \/>\n<meta property=\"og:site_name\" content=\"VisitDolenjska\" \/>\n<meta property=\"article:modified_time\" content=\"2025-04-28T08:59:00+00:00\" \/>\n<meta property=\"og:image\" content=\"https:\/\/www.visitdolenjska.eu\/wp-content\/uploads\/articles_logob7f4bb9d022e47e.jpg\" \/>\n\t<meta property=\"og:image:width\" content=\"1024\" \/>\n\t<meta property=\"og:image:height\" content=\"683\" \/>\n\t<meta property=\"og:image:type\" content=\"image\/jpeg\" \/>\n<meta name=\"twitter:card\" content=\"summary_large_image\" \/>\n<script type=\"application\/ld+json\" class=\"yoast-schema-graph\">{\"@context\":\"https:\\\/\\\/schema.org\",\"@graph\":[{\"@type\":\"WebPage\",\"@id\":\"https:\\\/\\\/www.visitdolenjska.eu\\\/it\\\/offerta\\\/nebesa-sopra-sentrupert\\\/\",\"url\":\"https:\\\/\\\/www.visitdolenjska.eu\\\/it\\\/offerta\\\/nebesa-sopra-sentrupert\\\/\",\"name\":\"NEBESA SOPRA \u0160ENTRUPERT - VisitDolenjska\",\"isPartOf\":{\"@id\":\"https:\\\/\\\/www.visitdolenjska.eu\\\/it\\\/#website\"},\"primaryImageOfPage\":{\"@id\":\"https:\\\/\\\/www.visitdolenjska.eu\\\/it\\\/offerta\\\/nebesa-sopra-sentrupert\\\/#primaryimage\"},\"image\":{\"@id\":\"https:\\\/\\\/www.visitdolenjska.eu\\\/it\\\/offerta\\\/nebesa-sopra-sentrupert\\\/#primaryimage\"},\"thumbnailUrl\":\"https:\\\/\\\/www.visitdolenjska.eu\\\/wp-content\\\/uploads\\\/articles_logob7f4bb9d022e47e.jpg\",\"datePublished\":\"2016-07-27T22:00:00+00:00\",\"dateModified\":\"2025-04-28T08:59:00+00:00\",\"description\":\"La vetta pi\u00f9 alta del comune di \u0160entrupert \u00e8 Nebesa (602 m), da dove si gode una vista celestiale sulla valle di Mirna, e sono visibili anche le vette del\",\"breadcrumb\":{\"@id\":\"https:\\\/\\\/www.visitdolenjska.eu\\\/it\\\/offerta\\\/nebesa-sopra-sentrupert\\\/#breadcrumb\"},\"inLanguage\":\"it-IT\",\"potentialAction\":[{\"@type\":\"ReadAction\",\"target\":[\"https:\\\/\\\/www.visitdolenjska.eu\\\/it\\\/offerta\\\/nebesa-sopra-sentrupert\\\/\"]}]},{\"@type\":\"ImageObject\",\"inLanguage\":\"it-IT\",\"@id\":\"https:\\\/\\\/www.visitdolenjska.eu\\\/it\\\/offerta\\\/nebesa-sopra-sentrupert\\\/#primaryimage\",\"url\":\"https:\\\/\\\/www.visitdolenjska.eu\\\/wp-content\\\/uploads\\\/articles_logob7f4bb9d022e47e.jpg\",\"contentUrl\":\"https:\\\/\\\/www.visitdolenjska.eu\\\/wp-content\\\/uploads\\\/articles_logob7f4bb9d022e47e.jpg\",\"width\":1024,\"height\":683},{\"@type\":\"BreadcrumbList\",\"@id\":\"https:\\\/\\\/www.visitdolenjska.eu\\\/it\\\/offerta\\\/nebesa-sopra-sentrupert\\\/#breadcrumb\",\"itemListElement\":[{\"@type\":\"ListItem\",\"position\":1,\"name\":\"Home\",\"item\":\"https:\\\/\\\/www.visitdolenjska.eu\\\/it\\\/\"},{\"@type\":\"ListItem\",\"position\":2,\"name\":\"Offerta\",\"item\":\"https:\\\/\\\/www.visitdolenjska.eu\\\/it\\\/offerta\\\/\"},{\"@type\":\"ListItem\",\"position\":3,\"name\":\"NEBESA SOPRA \u0160ENTRUPERT\"}]},{\"@type\":\"WebSite\",\"@id\":\"https:\\\/\\\/www.visitdolenjska.eu\\\/it\\\/#website\",\"url\":\"https:\\\/\\\/www.visitdolenjska.eu\\\/it\\\/\",\"name\":\"VisitDolenjska\",\"description\":\"\",\"potentialAction\":[{\"@type\":\"SearchAction\",\"target\":{\"@type\":\"EntryPoint\",\"urlTemplate\":\"https:\\\/\\\/www.visitdolenjska.eu\\\/it\\\/?s={search_term_string}\"},\"query-input\":{\"@type\":\"PropertyValueSpecification\",\"valueRequired\":true,\"valueName\":\"search_term_string\"}}],\"inLanguage\":\"it-IT\"}]}<\/script>\n<!-- \/ Yoast SEO plugin. -->","yoast_head_json":{"title":"NEBESA SOPRA \u0160ENTRUPERT - VisitDolenjska","description":"La vetta pi\u00f9 alta del comune di \u0160entrupert \u00e8 Nebesa (602 m), da dove si gode una vista celestiale sulla valle di Mirna, e sono visibili anche le vette del","robots":{"index":"index","follow":"follow","max-snippet":"max-snippet:-1","max-image-preview":"max-image-preview:large","max-video-preview":"max-video-preview:-1"},"canonical":"https:\/\/www.visitdolenjska.eu\/it\/offerta\/nebesa-sopra-sentrupert\/","og_locale":"it_IT","og_type":"article","og_title":"NEBESA SOPRA \u0160ENTRUPERT - VisitDolenjska","og_description":"La vetta pi\u00f9 alta del comune di \u0160entrupert \u00e8 Nebesa (602 m), da dove si gode una vista celestiale sulla valle di Mirna, e sono visibili anche le vette del","og_url":"https:\/\/www.visitdolenjska.eu\/it\/offerta\/nebesa-sopra-sentrupert\/","og_site_name":"VisitDolenjska","article_modified_time":"2025-04-28T08:59:00+00:00","og_image":[{"width":1024,"height":683,"url":"https:\/\/www.visitdolenjska.eu\/wp-content\/uploads\/articles_logob7f4bb9d022e47e.jpg","type":"image\/jpeg"}],"twitter_card":"summary_large_image","schema":{"@context":"https:\/\/schema.org","@graph":[{"@type":"WebPage","@id":"https:\/\/www.visitdolenjska.eu\/it\/offerta\/nebesa-sopra-sentrupert\/","url":"https:\/\/www.visitdolenjska.eu\/it\/offerta\/nebesa-sopra-sentrupert\/","name":"NEBESA SOPRA \u0160ENTRUPERT - VisitDolenjska","isPartOf":{"@id":"https:\/\/www.visitdolenjska.eu\/it\/#website"},"primaryImageOfPage":{"@id":"https:\/\/www.visitdolenjska.eu\/it\/offerta\/nebesa-sopra-sentrupert\/#primaryimage"},"image":{"@id":"https:\/\/www.visitdolenjska.eu\/it\/offerta\/nebesa-sopra-sentrupert\/#primaryimage"},"thumbnailUrl":"https:\/\/www.visitdolenjska.eu\/wp-content\/uploads\/articles_logob7f4bb9d022e47e.jpg","datePublished":"2016-07-27T22:00:00+00:00","dateModified":"2025-04-28T08:59:00+00:00","description":"La vetta pi\u00f9 alta del comune di \u0160entrupert \u00e8 Nebesa (602 m), da dove si gode una vista celestiale sulla valle di Mirna, e sono visibili anche le vette del","breadcrumb":{"@id":"https:\/\/www.visitdolenjska.eu\/it\/offerta\/nebesa-sopra-sentrupert\/#breadcrumb"},"inLanguage":"it-IT","potentialAction":[{"@type":"ReadAction","target":["https:\/\/www.visitdolenjska.eu\/it\/offerta\/nebesa-sopra-sentrupert\/"]}]},{"@type":"ImageObject","inLanguage":"it-IT","@id":"https:\/\/www.visitdolenjska.eu\/it\/offerta\/nebesa-sopra-sentrupert\/#primaryimage","url":"https:\/\/www.visitdolenjska.eu\/wp-content\/uploads\/articles_logob7f4bb9d022e47e.jpg","contentUrl":"https:\/\/www.visitdolenjska.eu\/wp-content\/uploads\/articles_logob7f4bb9d022e47e.jpg","width":1024,"height":683},{"@type":"BreadcrumbList","@id":"https:\/\/www.visitdolenjska.eu\/it\/offerta\/nebesa-sopra-sentrupert\/#breadcrumb","itemListElement":[{"@type":"ListItem","position":1,"name":"Home","item":"https:\/\/www.visitdolenjska.eu\/it\/"},{"@type":"ListItem","position":2,"name":"Offerta","item":"https:\/\/www.visitdolenjska.eu\/it\/offerta\/"},{"@type":"ListItem","position":3,"name":"NEBESA SOPRA \u0160ENTRUPERT"}]},{"@type":"WebSite","@id":"https:\/\/www.visitdolenjska.eu\/it\/#website","url":"https:\/\/www.visitdolenjska.eu\/it\/","name":"VisitDolenjska","description":"","potentialAction":[{"@type":"SearchAction","target":{"@type":"EntryPoint","urlTemplate":"https:\/\/www.visitdolenjska.eu\/it\/?s={search_term_string}"},"query-input":{"@type":"PropertyValueSpecification","valueRequired":true,"valueName":"search_term_string"}}],"inLanguage":"it-IT"}]}},"_links":{"self":[{"href":"https:\/\/www.visitdolenjska.eu\/it\/wp-json\/wp\/v2\/ponudba\/4599","targetHints":{"allow":["GET"]}}],"collection":[{"href":"https:\/\/www.visitdolenjska.eu\/it\/wp-json\/wp\/v2\/ponudba"}],"about":[{"href":"https:\/\/www.visitdolenjska.eu\/it\/wp-json\/wp\/v2\/types\/ponudba"}],"author":[{"embeddable":true,"href":"https:\/\/www.visitdolenjska.eu\/it\/wp-json\/wp\/v2\/users\/1"}],"wp:featuredmedia":[{"embeddable":true,"href":"https:\/\/www.visitdolenjska.eu\/it\/wp-json\/wp\/v2\/media\/2305"}],"wp:attachment":[{"href":"https:\/\/www.visitdolenjska.eu\/it\/wp-json\/wp\/v2\/media?parent=4599"}],"wp:term":[{"taxonomy":"kategorija-ponudbe","embeddable":true,"href":"https:\/\/www.visitdolenjska.eu\/it\/wp-json\/wp\/v2\/kategorija-ponudbe?post=4599"},{"taxonomy":"podkategorija-ponudbe","embeddable":true,"href":"https:\/\/www.visitdolenjska.eu\/it\/wp-json\/wp\/v2\/podkategorija-ponudbe?post=4599"},{"taxonomy":"posebna-ponudba","embeddable":true,"href":"https:\/\/www.visitdolenjska.eu\/it\/wp-json\/wp\/v2\/posebna-ponudba?post=4599"},{"taxonomy":"lokacija","embeddable":true,"href":"https:\/\/www.visitdolenjska.eu\/it\/wp-json\/wp\/v2\/lokacija?post=4599"}],"curies":[{"name":"wp","href":"https:\/\/api.w.org\/{rel}","templated":true}]}}

NEBESA SOPRA ŠENTRUPERT

<p>La vetta più alta del comune di <a href="https://www.visitdolenjska.eu/it/posizione/sentrupert/" rel="nofollow">Šentrupert</a> è Nebesa (602 m), da dove si gode una vista celestiale sulla valle di Mirna, e sono visibili anche le vette del sud della Slovenia: i <a href="https://www.visitdolenjska.eu/gorjanci/" rel="nofollow">Gorjanci </a>con Trdinov Vrh, <a href="https://www.visitdolenjska.eu/it/offerta/centro-turistico-gace/" rel="nofollow">Gače, </a>Vrhtrebnje e persino Snežnik.&nbsp;</p>
<p>La vetta è conosciuta per la sua vista eccezionalmente bella ed è anche il punto più alto del famoso<a href="https://www.visitdolenjska.eu/ponudba/steklasova-pohodna-pot/" rel="nofollow"> Sentiero Steklas,</a> che corre lungo i pendii della Valle di Mirna. Direttamente nella parte meridionale si trova anche un punto di decollo per alianti e parapendio. </p>
<p>Qui si trova anche la fattoria <a href="https://www.visitdolenjska.eu/it/offerta/azienda-agricola-nebesa/" rel="nofollow">escursionistica omonima</a>, che è aperta ogni venerdì, sabato e domenica, e nei giorni feriali su appuntamento, nonché nelle serate di luna piena, quando si svolgono le escursioni al chiaro di luna dalla piazza di Šentrupert a Nebesa.</p>
<hr>
<p><em>Ristorati presso <a href="https://www.visitdolenjska.eu/it/offerta/azienda-agricola-nebesa/" rel="nofollow">la fattoria escursionistica Nebesa.</a></em></p>

<p>La vetta più alta del comune di Šentrupert è Nebesa (602 m), da dove si gode una vista celestiale sulla valle di Mirna, e sono visibili anche le vette del sud della Slovenia: i Gorjanci con Trdinov Vrh, Gače, Vrhtrebnje e persino Snežnik.&nbsp; La vetta è conosciuta per la sua vista eccezionalmente bella ed è [&hellip;]</p>

<!-- This site is optimized with the Yoast SEO plugin v27.3 - https://yoast.com/product/yoast-seo-wordpress/ -->
<title>NEBESA SOPRA ŠENTRUPERT - VisitDolenjska</title>
<meta name="description" content="La vetta più alta del comune di Šentrupert è Nebesa (602 m), da dove si gode una vista celestiale sulla valle di Mirna, e sono visibili anche le vette del" />
<meta name="robots" content="index, follow, max-snippet:-1, max-image-preview:large, max-video-preview:-1" />
<link rel="canonical" href="https://www.visitdolenjska.eu/it/offerta/nebesa-sopra-sentrupert/" />
<meta property="og:locale" content="it_IT" />
<meta property="og:type" content="article" />
<meta property="og:title" content="NEBESA SOPRA ŠENTRUPERT - VisitDolenjska" />
<meta property="og:description" content="La vetta più alta del comune di Šentrupert è Nebesa (602 m), da dove si gode una vista celestiale sulla valle di Mirna, e sono visibili anche le vette del" />
<meta property="og:url" content="https://www.visitdolenjska.eu/it/offerta/nebesa-sopra-sentrupert/" />
<meta property="og:site_name" content="VisitDolenjska" />
<meta property="article:modified_time" content="2025-04-28T08:59:00+00:00" />
<meta property="og:image" content="https://www.visitdolenjska.eu/wp-content/uploads/articles_logob7f4bb9d022e47e.jpg" />
	<meta property="og:image:width" content="1024" />
	<meta property="og:image:height" content="683" />
	<meta property="og:image:type" content="image/jpeg" />
<meta name="twitter:card" content="summary_large_image" />
<script type="application/ld+json" class="yoast-schema-graph">{"@context":"https:\/\/schema.org","@graph":[{"@type":"WebPage","@id":"https:\/\/www.visitdolenjska.eu\/it\/offerta\/nebesa-sopra-sentrupert\/","url":"https:\/\/www.visitdolenjska.eu\/it\/offerta\/nebesa-sopra-sentrupert\/","name":"NEBESA SOPRA ŠENTRUPERT - VisitDolenjska","isPartOf":{"@id":"https:\/\/www.visitdolenjska.eu\/it\/#website"},"primaryImageOfPage":{"@id":"https:\/\/www.visitdolenjska.eu\/it\/offerta\/nebesa-sopra-sentrupert\/#primaryimage"},"image":{"@id":"https:\/\/www.visitdolenjska.eu\/it\/offerta\/nebesa-sopra-sentrupert\/#primaryimage"},"thumbnailUrl":"https:\/\/www.visitdolenjska.eu\/wp-content\/uploads\/articles_logob7f4bb9d022e47e.jpg","datePublished":"2016-07-27T22:00:00+00:00","dateModified":"2025-04-28T08:59:00+00:00","description":"La vetta più alta del comune di Šentrupert è Nebesa (602 m), da dove si gode una vista celestiale sulla valle di Mirna, e sono visibili anche le vette del","breadcrumb":{"@id":"https:\/\/www.visitdolenjska.eu\/it\/offerta\/nebesa-sopra-sentrupert\/#breadcrumb"},"inLanguage":"it-IT","potentialAction":[{"@type":"ReadAction","target":["https:\/\/www.visitdolenjska.eu\/it\/offerta\/nebesa-sopra-sentrupert\/"]}]},{"@type":"ImageObject","inLanguage":"it-IT","@id":"https:\/\/www.visitdolenjska.eu\/it\/offerta\/nebesa-sopra-sentrupert\/#primaryimage","url":"https:\/\/www.visitdolenjska.eu\/wp-content\/uploads\/articles_logob7f4bb9d022e47e.jpg","contentUrl":"https:\/\/www.visitdolenjska.eu\/wp-content\/uploads\/articles_logob7f4bb9d022e47e.jpg","width":1024,"height":683},{"@type":"BreadcrumbList","@id":"https:\/\/www.visitdolenjska.eu\/it\/offerta\/nebesa-sopra-sentrupert\/#breadcrumb","itemListElement":[{"@type":"ListItem","position":1,"name":"Home","item":"https:\/\/www.visitdolenjska.eu\/it\/"},{"@type":"ListItem","position":2,"name":"Offerta","item":"https:\/\/www.visitdolenjska.eu\/it\/offerta\/"},{"@type":"ListItem","position":3,"name":"NEBESA SOPRA ŠENTRUPERT"}]},{"@type":"WebSite","@id":"https:\/\/www.visitdolenjska.eu\/it\/#website","url":"https:\/\/www.visitdolenjska.eu\/it\/","name":"VisitDolenjska","description":"","potentialAction":[{"@type":"SearchAction","target":{"@type":"EntryPoint","urlTemplate":"https:\/\/www.visitdolenjska.eu\/it\/?s={search_term_string}"},"query-input":{"@type":"PropertyValueSpecification","valueRequired":true,"valueName":"search_term_string"}}],"inLanguage":"it-IT"}]}</script>
<!-- / Yoast SEO plugin. -->

NEBESA SOPRA ŠENTRUPERT - VisitDolenjska

La vetta più alta del comune di Šentrupert è Nebesa (602 m), da dove si gode una vista celestiale sulla valle di Mirna, e sono visibili anche le vette del
